440 - -4?
466444
In base 14, what is -128 + a8c?
964
In base 4, what is 313 - -2121?
3100
In base 13, what is 0 - 5022?
-5022
In base 16, what is -1 + -1d102?
-1d103
In base 7, what is 1454 + 2552?
4336
In base 4, what is -3 - -202312?
202303
In base 10, what is -10651 - -1?
-10650
In base 13, what is 5a + 8081?
810b
In base 11, what is -9 - 670a1?
-670aa
In base 9, what is 34328 + 7?
34336
In base 14, what is 2 + -1b491?
-1b48d
In base 4, what is -3120121 - 131?
-3120312
In base 6, what is -42 - 21141?
-21223
In base 12, what is 6619b - -3?
661a2
In base 6, what is -15031 + -3?
-15034
In base 9, what is -1000 - 8136?
-10136
In base 12, what is 579 + -476?
103
In base 13, what is -6451 - 5?
-6456
In base 16, what is -4 + -2ba33?
-2ba37
In base 15, what is 28881 - -2?
28883
In base 15, what is 10b62 - -4?
10b66
In base 2, what is -10111100111 - -1111100?
-10101101011
In base 3, what is -12211021112 + 11?
-12211021101
In base 4, what is -3 + 1200111202?
1200111133
In base 4, what is -10 - -11022?
11012
In base 6, what is -221 + -50?
-311
In base 8, what is 133 - -226?
361
In base 13, what is a2cc - -2?
a301
In base 3, what is 120 + 1002010200?
1002011020
In base 13, what is -44b - 470?
-8bb
In base 15, what is 2 + 1124?
1126
In base 13, what is -5 + -1a11c4?
-1a11c9
In base 12, what is 5 - -5b9?
602
In base 8, what is -155355 + -1?
-155356
In base 6, what is 2050 - 5421?
-3331
In base 4, what is -10 - 112112101?
-112112111
In base 15, what is 1e + 62e2?
6311
In base 11, what is 2 + -a63?
-a61
In base 11, what is -310a - -11?
-30a9
In base 6, what is -15023 + -210?
-15233
In base 10, what is -23 + -1040?
-1063
In base 10, what is 1 - -19100?
19101
In base 7, what is -45 + -263001?
-263046
In base 13, what is 68 + -1ba0?
-1b35
In base 10, what is 3 + 189407?
189410
In base 16, what is c2e + -a?
c24
In base 10, what is -4014 - -4?
-4010
In base 13, what is -8a748 - 2?
-8a74a
In base 15, what is -910 - d?
-91d
In base 6, what is 2430523 + -3?
2430520
In base 5, what is 1214 - -214?
1433
In base 11, what is 27697 - -2?
27699
In base 11, what is 29 - -470?
499
In base 6, what is 10523 - -141?
11104
In base 6, what is 12 - 10132345?
-10132333
In base 16, what is -244 + -166?
-3aa
In base 10, what is -25416 - -4?
-25412
In base 8, what is 3 - 121354?
-121351
In base 2, what is -110 - -111100001?
111011011
In base 15, what is d9 - 2b43?
-2a59
In base 13, what is 44304 - c?
442c5
In base 6, what is 25212 - -3053?
32305
In base 8, what is -233212 - 0?
-233212
In base 8, what is 5756 + -16?
5740
In base 13, what is -177b - a0?
-184b
In base 9, what is 1634 - 2?
1632
In base 6, what is 1005 + -2242?
-1233
In base 9, what is -3 + -2123133?
-2123136
In base 15, what is -156 - 256?
-3ac
In base 12, what is -1ab - 1169?
-1358
In base 10, what is 4867 + -10?
4857
In base 3, what is -120120 - -1221?
-111122
In base 10, what is -6 + 12033?
12027
In base 11, what is -16718 + -4?
-16721
In base 15, what is 347 - 17?
330
In base 8, what is -5 + 67242?
67235
In base 6, what is 1003534022 - 5?
1003534013
In base 9, what is 24 + 31820?
31844
In base 3, what is 22001021002 - 201?
22001020101
In base 14, what is -d08d - -4?
-d089
In base 7, what is 1 - -42213?
42214
In base 15, what is -4 + 5bd4?
5bd0
In base 9, what is 0 + -237438?
-237438
In base 6, what is -3 - 151230?
-151233
In base 15, what is 7 + 644e?
6456
In base 12, what is 2 + -8327?
-8325
In base 14, what is -78c - 689?
-1037
In base 11, what is 46277 + 12?
46289
In base 16, what is 41f1 - f?
41e2
In base 7, what is 14322 + 60?
14412
In base 6, what is -112 - -3042?
2530
In base 7, what is 200554 - 0?
200554
In base 8, what is -3252 + -12130?
-15402
In base 3, what is -221 - -201101?
200110
In base 14, what is 7c + -d2a?
-c8c
In base 11, what is 11 - 8916?
-8905
In base 11, what is -139754 - 2?
-139756
In base 9, what is 7475 - -127?
7613
In base 8, what is -111 + 1?
-110
In base 4, what is 21232311 + -101?
21232210
In base 7, what is 2232360 - -4?
2232364
In base 13, what is 16a42 + 1?
16a43
In base 3, what is 121012 + 201112202?
202010221
In base 16, what is 0 - 6e1a?
-6e1a
In base 2, what is 101010101100100 - -101011?
101010110001111
In base 11, what is -10104 - 40?
-10144
In base 15, what is 9d9 + -257?
782
In base 16, what is -5b33 - -2?
-5b31
In base 14, what is -28 + 20c8?
20a0
In base 3, what is -100011011 + 1?
-100011010
In base 14, what is 18b06 - 2?
18b04
In base 3, what is 220 + 11101111?
11102101
In base 6, what is 345 + 113435?
114224
In base 5, what is -2412 + -22324?
-30241
In base 5, what is 140013 + -34?
134424
In base 14, what is 56 - 102?
-8a
In base 3, what is 12102 - -2011?
21120
In base 5, what is 1 + 4232234?
4232240
In base 11, what is -5604 - 5?
-5609
In base 10, what is 376 + 786?
1162
In base 15, what is -1 - -227ba4?
227ba3
In base 11, what is -40241 + 3?
-40239
In base 12, what is -1 - -23264?
23263
In base 12, what is 0 - a57?
-a57
In base 8, what is -5 + 47702?
47675
In base 10, what is 112 + 91?
203
In base 10, what is 4 + -90209?
-90205
In base 2, what is 11 - 1100110000110001?
-1100110000101110
In base 14, what is d + -1106d?
-11060
In base 3, what is -1121102200 + 1?
-1121102122
In base 15, what is 12 + -dd1?
-dbe
In base 6, what is 135 + 5342?
5521
In base 6, what is 0 + -1432541?
-1432541
In base 16, what is -a + -5b?
-65
In base 12, what is 41a8 - 0?
41a8
In base 4, what is -112 + -2003022?
-2003200
In base 16, what is 4 - 406e?
-406a
In base 12, what is 19 + -1028?
-100b
In base 11, what is -708a + -403?
-7492
In base 3, what is 1011120210 + 1?
1011120211
In base 11, what is 7 + -2179?
-2172
In base 10, what is 2 - 114589?
-114587
In base 9, what is -587302 + 3?
-587288
In base 11, what is 99986 - -5?
99990
In base 5, what is -10422 - -1023?
-4344
In base 13, what is -184 + -bc5?
-1079
In base 10, what is -76 + -48687?
-48763
In base 11, what is -3 - -35770?
35768
In base 10, what is 136 - -343?
479
In base 9, what is 5 - 110370?
-110364
In base 11, what is a69 + 253?
1211
In base 9, what is 135 + 30124?
30260
In base 14, what is -b7a - 5?
-b81
In base 6, what is 34 + -122002?
-121524
In base 16, what is 3 - -10c48b?
10c48e
In base 11, what is 186 + -97?
9a
In base 15, what is bc03 + 3?
bc06
In base 14, what is 1 + 7c36?
7c37
In base 9, what is -324555 + -1?
-324556
In base 8, what is 22153 - -3?
22156
In base 14, what is -5 + 4686?
4681
In base 14, what is 27db - -d?
280a
In base 8, what is -340117 + 1?
-340116
In base 2, what is 11011000010 - -100100000?
11111100010
In base 4, what is 3 + 101101011?
101101020
In base 8, what is 3111 + 227?
3340
In base 7, what is -41 + -2225?
-2266
In base 13, what is 1 - -846b?
846c
In base 11, what is 1868 - 32?
1836
In base 10, what is -734039 - -6?
-734033
In base 11, what is -720 - 68?
-788
In base 4, what is -10111 - 1110?
-11221
In base 14, what is 238 - 78?
1a0
In base 9, what is 166853 - 18?
166834
In base 16, what is 2a - 550?
-526
In base 16, what is -4 - 6bd6?
-6bda
In base 13, what is -62 - b4?
-146
In base 7, what is 32153245 + -4?
32153241
In base 9, what is -150 + -112?
-262
In base 13, what is -143 + -130?
-273
In base 12, what is -16 + 498?
482
In base 10, what is -3358 - -134?
-3224
In base 10, what is -4 + -18292?
-18296
In base 14, what is -111 - 107?
-218
In base 2, what is 101 - -101101100000110?
101101100001011
In base 13, what is -9b - -73?
-28
In base 8, what is 4 - 257224?
-257220
In base 6, what is 21 + 23451322?
23451343
In base 6, what is 1044240 - 20?
1044220
In base 12, what is 3 + -62467?
-62464
In base 2, what is 11100100111 + 101100000?
100010000111
In base 15, what is 1ac + 20b?
3b8
In base 11, what is 6 + 383a?
3845
In base 12, what is 13 + 2150?
2163
In base 6, what is 202 + 52?
254
In base 9, what is 84 - 1571?
-1476
In base 9, what is 2 - -81388?
81401
In base 9, what is -526705 + -3?
-526708
In base 8, what is -2 - -101326?
101324
In base 10, what is -1 + -19397?
-19398
In base 11, what is -3a + 777?
738
In base 2, what is 100000010000000 - -100?
100000010000100
In base 5, what is 4323110 + 4?
4323114
In base 3, what is 111011200 + 2?
111011202
In base 8, what is -34310 + -4?
-34314
In base 10, what is -1486623 + 1?
-1486622
In base 5, what is -204211213 + -3?
-204211221
In base 3, what is 1